464 = -2*f + u. What is the hundreds digit of f?
6
Let f be (340/(-6))/(1/(-3)). Let l(x) = -x**3 - 21*x**2 + 75*x + 82. Let s be l(-24). Suppose -s*h - f = -950. What is the tens digit of h?
7
Let b = 11756 + -8083. What is the thousands digit of b?
3
Suppose r - 5 = 0, 3*m - 2*r - 6 = 14. Suppose 2*t - 24 = m*t. What is the units digit of t*(308/(-6))/7?
2
Let g = 19605 - 3868. What is the thousands digit of g?
5
Let s(n) = 21 - 115*n + 21 - 50*n + 51*n. What is the tens digit of s(-3)?
8
Let m be ((152/(-95))/((-2)/(-5)))/2. What is the units digit of 1095 + (4 - (m + -2))?
3
Let c(l) = 116 + 13 + 3*l - 45 + 104. What is the hundreds digit of c(-14)?
1
Suppose -17*r + 23*r - 3*h = 126231, 0 = 4*r - 3*h - 84157. What is the tens digit of r?
3
Let x(c) = 3*c**2 + 10*c + 6. Let u be x(-3). Suppose z - u = -d, -4*d + 5*z = -2*d - 41. What is the tens digit of (20/d)/((-2)/(-132))?
6
Let m(y) = -115*y - 265. What is the hundreds digit of m(-32)?
4
Let d be (-990)/(-231) + 1/7*-2. Suppose 3*z + w = 598 + 229, -d*z + 1102 = w. What is the hundreds digit of z?
2
Let s(w) = -5*w**3 + w**2 - 3*w + 4. Let c be s(-3). Suppose -216 = -2*q - 0*q - h, -q + 4*h = -126. Let p = c - q. What is the units digit of p?
7
Let u(s) = 238*s + 131. Let y be u(-5). Let o = y + 1573. What is the hundreds digit of o?
5
Let b be 13/((-325)/(-15360)) - 3/(-5). What is the units digit of 0 + b + 0/2?
5
Suppose w + 6 = 2, -3*w - 2142 = -n. Suppose 2*m - 5*m = -n. What is the units digit of m?
0
Let l(s) = -1628*s + 876. What is the units digit of l(-6)?
4
Let v be ((-430)/(-4))/((-2)/4). Let u = 25708 + -25383. Let q = u + v. What is the units digit of q?
0
Suppose -5*m = -0*m - 3*q - 39610, -3*m - q + 23752 = 0. What is the hundreds digit of m?
9
Let x be 3*(-4 - -5 - 0). Suppose 1057 = -2*j + x*q, 3*j + 0*q - 3*q + 1587 = 0. What is the tens digit of ((-4)/(-10))/((-4)/j)?
5
Let w = 1143 - 19. What is the tens digit of w?
2
Suppose -12*u - 4 = -16*u. Let h be (u + 1 - 0)*3/6. What is the tens digit of 97/(h + -2 - -2)?
9
What is the tens digit of ((-45)/(-10)*-1)/((-6701)/(-2234) - 3)?
5
Suppose 9 = -2*a + 13. Let s be ((-7)/(-14))/(3/36*a). Suppose 2*b - 22 = v, 10 = -s*v + 4. What is the tens digit of b?
1
Let n = 167 + -160. Suppose -2*u = -2*t - n*u + 1856, -4*t - 5*u + 3732 = 0. What is the tens digit of t?
3
Let z(v) = -3 + 29 - 6 + 10*v + 0*v. Let q(m) = -1. Let l(a) = -25*q(a) - z(a). What is the units digit of l(-5)?
5
Let x(v) = 5*v - 63. Let k be x(14). What is the tens digit of 970/((-22)/(-14) - (-3)/k)?
8
Suppose 3*n - 5*i - 106 = 0, 3*i = -2*n - 3*n + 222. Suppose -4 = c, -3*y + n*c - 45*c = -234. What is the units digit of y?
2
Suppose i = -10*c + 5*c + 4992, -3*c = i - 4980. What is the tens digit of i?
6
Suppose 12*g = -9 + 45. Let w be (-57)/2 - 3/(-6). What is the hundreds digit of (g/(30/w))/((-2)/120)?
1
Let c = -583 - -588. Suppose -x + 65*v + 510 = 64*v, c*x - 2585 = -2*v. What is the tens digit of x?
1
Let i(p) = 3*p**2 + 6*p**2 - 2 + 5 + p - 11*p**2. Let d be i(0). What is the hundreds digit of 1/d + 9165/45?
2
Let d(a) = 23*a + 35. Let t be d(-3). Let z = t + 38. What is the hundreds digit of (2/z)/((-1)/(-216))?
1
Let k = 8980 + -371. What is the thousands digit of k?
8
Let p = 32 - 29. Let r(k) = -k - 9*k**2 + 0*k**2 - 20*k**2 + k**p + 34. What is the units digit of r(29)?
5
Suppose -90*z + 42844 = -86*z. What is the tens digit of z?
1
Let z = 598 - 53. Let l be (-2)/((-14)/2135*5). Suppose 56*i - l*i = -z. What is the tens digit of i?
0
Suppose -18*v - 17 + 89 = 0. Let u be 1*(-2)/(-6)*6. Suppose -3*r - 2*y - u*y = -487, -v*y - 668 = -4*r. What is the units digit of r?
5
Let f = 2161 + 846. What is the units digit of f?
7
Suppose -2*f + 239 = 4*d - 5*f, -2*d + 4*f + 122 = 0. Let n(w) = w**3 + 9*w**2 - 11*w - 10. Let x be n(-10). Suppose -h = -x*h - d. What is the tens digit of h?
5
Let m(h) = 325*h**2 - 105*h**2 - 109*h**2 - h**3 - 83*h**2 - 24 - 6*h. What is the thousands digit of m(26)?
1
Suppose -c = 17*c - 5*c - 73437. What is the tens digit of c?
4
Suppose -4*w - 428 = -4*j, 434 - 220 = 2*j + 5*w. What is the units digit of j?
7
Let p(u) = u**2 + 6*u - 4. Let x be p(-4). What is the tens digit of ((-3843)/x)/(117/312)?
5
Let h(s) = 4*s**2 + 3*s - 11. Let a(j) = -3*j**2 - 2*j + 7. Let z(q) = -7*a(q) - 5*h(q). Let k be z(-4). Let y = k - 24. What is the units digit of y?
2
Let y be 32/48 - 568/(-12). What is the units digit of ((-453)/(-2))/(9/y)?
8
Let w(m) = -15*m**3 - 2*m - 1. Let x be w(-1). Let l(j) = 64 - 5*j - 66 + x*j. What is the units digit of l(1)?
9
Let l(x) = 208*x - 451*x + 223*x + 64. What is the hundreds digit of l(-13)?
3
Suppose -g - 2*w = 2*g - 2, -8 = 3*g + 4*w. Let j(y) = 94*y**3 - 2*y**2 - 17*y + 20. Let n be j(1). Suppose g*k - 971 = -n. What is the tens digit of k?
1
Suppose 76*f = -43*f + 3136483. What is the hundreds digit of f?
3
Let r(k) = 32*k**2 - 7*k - 47. Let s = 167 - 172. What is the units digit of r(s)?
8
Let z = 1042 - 1048. Let d(a) = a**2 + 11*a + 6. Let p(k) = -k**2 - 6*k - 3. Let m(q) = -4*d(q) - 7*p(q). What is the units digit of m(z)?
7
Suppose 0 = 867*k - 630*k - 10847490. What is the units digit of k?
0
Let b(x) = -96*x**3 + 3*x**2 + 3*x + 1. Let t be b(-2). Let z = t + -334. What is the units digit of z?
1
Let n be ((-6)/4)/((-21)/42). Suppose 0 = -2*i + 1 - n. What is the units digit of i + (52 - 4) + -1?
6
Suppose -m + 3*w = -27956, -16*m - 5*w + 55890 = -14*m. What is the units digit of m?
0
Suppose -18 = -13*f + 7*f. Suppose -24 = -f*p - 9*p. What is the hundreds digit of (p/1 + -5)*(-834)/18?
1
Let q = 6906 + 4868. What is the ten thousands digit of q?
1
Suppose 3*s + 5*m - 46006 = 4*m, 0 = -2*m - 10. What is the tens digit of s?
3
Suppose p = -4*y + 2, p + 2 = 2*y + 4. Let j be -15 - (p/1 - (2 + -1)). Let q(d) = -7*d + 44. What is the hundreds digit of q(j)?
1
Let c = 65 + -63. Suppose 5*h - 2*h = 0. Suppose -5 - 4 = 3*x, h = -c*k + 3*x + 113. What is the units digit of k?
2
Suppose 2*n + 114 + 87 = -f, -4*n - f = 399. Let d = 185 + n. Let h = d - 50. What is the units digit of h?
6
Suppose -3*n - 414 = -393, -5*n = 5*o - 28695. What is the hundreds digit of o?
7
Suppose q + 1410 = 5*s, 5*q = s - 4*s + 818. Let m = s - 90. What is the tens digit of m?
9
What is the units digit of ((-2022)/(-10))/(44/(65780/69))?
1
Let m(x) = 13*x**3 + 30*x**2 - 107*x - 23. What is the ten thousands digit of m(9)?
1
Let h be (-3 - -406) + -4 + -4. Let y be (-2 - 0)*-1*h/10. Let s = y - 4. What is the units digit of s?
5
Suppose 5*k + 3*v - 62 = 7*v, 5*k - 59 = 3*v. What is the hundreds digit of (-1 - -917) + (k - 6) + 1?
9
Let p(c) = c**3 + c**2 - 2*c + 1. Let j be p(0). Let w be j/(4/180*-3). Let v(z) = z**2 + 7*z - 13. What is the units digit of v(w)?
7
Suppose -7*b + 3*k = -3*b - 2502, 1264 = 2*b + 5*k. What is the units digit of b?
7
Let q(r) = -8*r**3 + 17*r**2 + 17*r - 40. What is the units digit of q(-7)?
8
Let t be (0 - 8) + 34 + -1376. Let a = 2731 + t. What is the hundreds digit of a?
3
Let h = -133 + 135. Suppose 0 = f - 4*n - 305, 0 = -2*f + f + h*n + 309. What is the tens digit of f?
1
Let x(p) = 6*p**2 - 23*p - 7. Let r(c) = c**2 - 7*c + 10. Let y be r(7). What is the units digit of x(y)?
3
What is the units digit of (-170082)/(-32) - (-78)/(-1248)?
5
Suppose 81 = 2*a + 7*a. Suppose 8*u - a*u = 28. What is the units digit of (u/(-8))/(1/22) + 3?
0
Let x = 18263 + -12635. What is the units digit of x?
8
Let h(u) = -u**3 + 50*u**2 + 50*u + 61. Let p be h(51). Let x be (-1)/((-1)/37) + -2. What is the tens digit of p/x - 1359/(-21)?
6
Suppose 0 = 6*g + 44 - 56. Suppose -z - g*s = -87, -z + s = -75 - 15. What is the tens digit of z?
8
Let k be -15 - (9 - 15 - 3). Suppose c - 5*v - 35 = 5*c, -3*c - 4*v = 25. Let a = k - c. What is the units digit of a?
9
Let f = 316 - 441. What is the tens digit of (f/(-4))/(4/80)?
2
Suppose -51193 = -21*t + 26738. Suppose 0 = -2*b - 1181 + t. What is the tens digit of b?
6
Let s be 32/5 + (-4)/10 - -1. Suppose -s*n = -2*n - 1175. Suppose n = 8*f - 3*f + 5*x, 5*f = 5*x + 235. What is the tens digit of f?
4
Let a(p) = -7*p + 15. Suppose -3*o + 3*z - 25 = 2*z, -37 = 4*o - 5*z. Let n be a(o). Let t = 50 + n. What is the hundreds digit of t?
1
Let m be 1*(-1 - 2)